 What is the greatest common factor of v and s?
11
Suppose d = 4*d - 9, d = 3*r - 9. Calculate the highest common divisor of 2 and r.
2
Suppose 5*i = -2*o + 202, -42 + 7 = -i + 5*o. What is the highest common factor of i and 5?
5
Suppose -29 = -9*y + 52. Let v(p) = p**3 + p**2 - p + 36. Let w be v(0). What is the greatest common factor of y and w?
9
Suppose -5*g + 75 = -5*v, 2*v = 5*g - 2*v - 70. Calculate the highest common factor of 70 and g.
10
Suppose 3*y - 2*y - 2 = -c, 5*y = -2*c + 4. Suppose -67 = -c*g + 13. What is the greatest common factor of g and 10?
10
Suppose m - 4*m - 2*k = -216, 5*m - 360 = 3*k. Let o(j) = 3*j + 3. Let i be o(5). Calculate the highest common factor of m and i.
18
Let z = 163 - 148. Let y = 33 - 18. What is the greatest common factor of y and z?
15
Suppose -2*z + 285 = z. Let c = -62 + z. What is the greatest common factor of c and 3?
3
Suppose -c - 3*m + 4*m + 20 = 0, 5*c - 100 = -4*m. What is the highest common factor of c and 10?
10
Let b = -47 + 92. Let c = -32 + b. Let j be (-13)/((-3)/12*1). What is the highest common divisor of j and c?
13
Let o = -17 + 56. Let q(g) = 2*g**2 - 3*g + 6. Let u be q(4). What is the highest common divisor of u and o?
13
Let j be (35*2)/((-4)/(-8)). Suppose -5*c - 35 = -j. Let l = 8 + -1. What is the greatest common divisor of c and l?
7
Suppose -c + 90 = 2*c. Suppose -k + 21 = 5*t, 4*k + 0*k + 4*t - 36 = 0. Calculate the highest common factor of k and c.
6
Let t(m) = -m**2 + 12*m - 15. Let a be t(10). Suppose -2*o + a*k - 3 = -0*o, 2*o - k = 17. What is the greatest common factor of o and 77?
11
Suppose 3*b = 4*b - 190. Let k = b - 76. What is the highest common divisor of k and 76?
38
Let p be (132/9)/((-5)/(-30)). What is the highest common factor of 11 and p?
11
Let i(d) = -22*d - 8. Let l be i(-4). Suppose m + 4*m = l. Suppose -q + 25 = -n, -4*n + 0*n - 4 = 0. Calculate the highest common divisor of q and m.
8
Suppose 0 = 4*t - 5 - 11. Suppose 3*y + 11 = 5*a, -2*y - y - 9 = -3*a. Let m be (7 - a) + (-3 - -1). Calculate the highest common factor of t and m.
4
Let i be (-36)/(-4 + 1) - -3. Calculate the highest common factor of i and 75.
15
Let p be (-12)/30*-15*(-18)/(-4). What is the highest common divisor of 297 and p?
27
Suppose -2*q = -43 - 25. Calculate the highest common factor of 17 and q.
17
Let n be ((-30)/40)/((-2)/32). Calculate the greatest common divisor of 24 and n.
12
Let h be (-6)/(-10)*((-20)/(-4) - -40). Calculate the highest common factor of 3 and h.
3
Let v = -1 - -9. Suppose -h + 19 = 15. Calculate the highest common divisor of v and h.
4
Let c be (-4)/12 + (-758)/(-6). Calculate the highest common factor of c and 14.
14
Let v(y) = 6*y**2 - 5*y - 1. Let x be v(4). Let t be x/10*(-66)/(-5). What is the highest common factor of 9 and t?
9
Let b(l) = -4*l - 2. Let h be b(-3). Suppose -h = -2*y, -9 = -2*j - y + 14. Calculate the greatest common factor of j and 45.
9
Let v(y) = -y**2 - 47. Let j be v(0). Let p = -13 - j. What is the greatest common divisor of 85 and p?
17
Let d(o) = 2*o - 1. Let h be d(2). Suppose -4*z + 59 = p - 71, h*z - 98 = -p. Calculate the highest common divisor of 80 and z.
16
Let s = -74 + 283. Calculate the greatest common divisor of 19 and s.
19
Suppose -2*a = g + 2, 0 = -5*g - 4*a - 1 - 21. Let m be -12*8/g*-4. Let r = -22 - m. Calculate the highest common factor of 14 and r.
14
Let k(g) = -g**2 + 3*g + 2. Let x be k(3). Let m(l) = l**2 - 3 + x*l**2 - 6*l + 9*l. Let u be m(2). Calculate the greatest common factor of 60 and u.
15
Suppose -6 - 2 = -4*k. Suppose -m + 294 = 2*u + k*m, -310 = -2*u + m. Suppose 9 = 2*b - u. What is the greatest common factor of 9 and b?
9
Suppose 0 = -3*m - 0*m + 3*t + 15, 10 = m + 4*t. Let w = m - -2. Calculate the highest common factor of w and 88.
8
Suppose 454 = 8*h - 2042. Calculate the highest common factor of h and 24.
24
Suppose 5*a = 0, 2*i + 5*a - 22 = 2*a. What is the greatest common divisor of 121 and i?
11
Let g(a) = 2*a**2 - 13*a + 8. Let y be g(8). Suppose -5*d = -10*d + 240. Calculate the greatest common factor of y and d.
16
Suppose 32 + 8 = 4*r. Suppose h = -h + 6. Suppose -5*x + 2*f = -394, 24 = x - h*f - 47. What is the highest common factor of x and r?
10
Let m be (26/8 + -4)*-40. Calculate the highest common factor of m and 300.
30
Suppose -2*i - 2 = -d + 31, -63 = -2*d + 5*i. What is the highest common factor of 13 and d?
13
Suppose -m + 6 = 1. Let w = 33 - -7. Calculate the highest common factor of m and w.
5
Suppose -2*y + 12 = -3*i - 4, -5*y + 21 = 2*i. Suppose -n + 17 = 5*t, 3*n = 2*n - 2*t + 8. What is the highest common factor of y and n?
1
Let r = -134 - -154. What is the highest common divisor of 50 and r?
10
Suppose 48 = -5*p + 228. Let a = 5 + -2. Suppose a*c + 12 = 6*c. Calculate the highest common factor of c and p.
4
Let l(u) = u**3 + 18*u**2 + 14*u - 43. Let a be l(-17). Let s = 4 + 0. Calculate the greatest common divisor of a and s.
4
Let k(p) be the third derivative of -p**4/8 - p**2. Let l be k(-1). Let m be 5 + 1 + 0/l. What is the highest common factor of 18 and m?
6
Let v = 87 - 53. Suppose -192 = -4*m - 4*l, 0*m - l - 105 = -2*m. What is the greatest common divisor of v and m?
17
Let y = 16 - 5. Suppose -48 - 104 = -4*j - 4*g, -53 = -j - 4*g. Calculate the highest common factor of y and j.
11
Suppose 0 = 3*g - 7*g - 16. Let i be g/(-16) - 846/(-8). Suppose i = 4*m + 10. Calculate the highest common factor of 8 and m.
8
Let i(n) = 2*n**2 - 4. Let x be i(-2). What is the greatest common divisor of 20 and x?
4
Let x(o) = -6*o + 10. Let r be x(-5). What is the greatest common factor of r and 16?
8
Let t = 92 + -76. What is the greatest common factor of 128 and t?
16
Let j(y) = 5*y**2 - 2*y + 1. Let g be j(1). Suppose 2*a + 0*a = g. What is the highest common divisor of a and 2?
2
Let s = -5 + 29. Calculate the highest common factor of s and 8.
8
Suppose 0 = -p - p + 48. Let o be -2 + p - 1*-1. What is the highest common factor of o and 92?
23
Suppose -100 = 2*p - 342. What is the greatest common divisor of 11 and p?
11
Let n be (-369)/(-6) - (-1 - 10/(-4)). Calculate the greatest common divisor of 12 and n.
12
Let y be 3 - 2/(-2)*1. Let r = 1272 - 674. Let v be r/6 - y/6. Calculate the highest common factor of v and 9.
9
Suppose 0 = 4*b - 0*i + 5*i - 26, -b = -2*i. Suppose 2*v - 5*t - 12 = b, -4*v + 4 = 4*t. Suppose 48 = v*p - 6. Calculate the greatest common factor of 9 and p.
9
Let b = 129 - 101. What is the highest common divisor of b and 42?
14
Let a = -18 + 18. Suppose 0 = -0*t - 5*t - 4*q + 237, a = -5*q + 15. Calculate the highest common divisor of 30 and t.
15
Let l(b) = 2*b + 2 + 0*b**2 - 1 + 5*b**2 + 2*b**2. Let q be l(-1). Let h(d) = -d**2 + 10*d - 8. Let o be h(q). What is the greatest common divisor of 32 and o?
16
Let c(x) = x**3 - 3*x**2 - 4*x - 3. Let f be c(5). Let m = 38 - f. Suppose m - 1 = a. What is the greatest common divisor of 80 and a?
10
Let y(x) = -2*x**2 - 12*x + 1. Let a(r) = -2*r**2 - 13*r + 2. Let j(h) = 6*a(h) - 7*y(h). Let c be j(-5). What is the highest common factor of c and 10?
5
Suppose 3*d + 0*d = 6, -4*f = -5*d - 1570. Suppose 5*o = 460 + f. Let w be (-93)/(-5) - 4/(-10). What is the highest common factor of w and o?
19
Let m = -3 + 0. Let w be ((-2)/(-1))/(m/(-30)). Let s = 11 - -19. Calculate the highest common factor of w and s.
10
Let s(b) = b + 25. Let r be s(-9). What is the highest common divisor of r and 2?
2
Suppose -5*v + 3*u + 25 = 0, 2*u = 3*v + 5*u - 39. Calculate the greatest common divisor of v and 24.
8
Suppose -t - 24 = -5*t. Suppose -5*x = 5*q - 5, 3*x + q = -4*q + 7. Let b be ((-10)/(-5))/(x/(-2)). Calculate the highest common factor of t and b.
2
Let t be 3*(-16)/12 + 99. What is the highest common divisor of 38 and t?
19
Suppose -4*q - 16 = -0*q. Let d be (q/(-3))/((-4)/(-90)). What is the highest common divisor of 10 and d?
10
Suppose 6*l - 13*l = -1764. Calculate the greatest common divisor of 18 and l.
18
Let v = 13 + 7. What is the greatest common divisor of v and 50?
10
Suppose -7*r = 94 - 339. Calculate the greatest common divisor of r and 5.
5
Suppose -4*u = -3*u - 4*m - 16, 0 = -2*u - 3*m + 54. What is the highest common divisor of 16 and u?
8
Let a = -10 + 7. Let p be 41 + (a - 0/(-4)). Ca